base 4?
201000
What is 446 (base 10) in base 5?
3241
22a1 (base 14) to base 13
2982
Convert -3216 (base 9) to base 3.
-10020120
113330 (base 4) to base 9
2082
Convert 2022120 (base 3) to base 5.
23224
21017 (base 8) to base 4
2020033
What is 194 (base 16) in base 15?
1be
7a4 (base 12) to base 11
93a
-2562 (base 10) to base 6
-15510
What is 312144 (base 5) in base 16?
283b
110313 (base 5) to base 15
1208
-1110111101 (base 2) to base 8
-1675
Convert -1618 (base 15) to base 13.
-2213
Convert -3425 (base 8) to base 10.
-1813
4014330 (base 5) to base 8
174343
What is -2265 (base 7) in base 10?
-831
12529 (base 11) to base 6
215015
What is -6cab (base 14) in base 4?
-10220113
What is -11220010 (base 3) in base 9?
-4803
What is -1111110011010000 (base 2) in base 5?
-4032340
20121220 (base 4) to base 6
423144
-1030122 (base 4) to base 15
-16b0
Convert -77 (base 13) to base 2.
-1100010
345d (base 15) to base 11
8393
-6839 (base 12) to base 14
-4301
Convert -104 (base 9) to base 12.
-71
What is -44301 (base 5) in base 12?
-1944
3232 (base 6) to base 11
613
Convert -111001100 (base 2) to base 11.
-389
Convert 221323 (base 4) to base 12.
1677
d1c7 (base 14) to base 7
210040
290b (base 13) to base 3
22010111
Convert -58 (base 10) to base 12.
-4a
-1046 (base 13) to base 7
-6401
1456 (base 7) to base 10
580
Convert -4570 (base 10) to base 5.
-121240
What is 3210122 (base 4) in base 5?
431433
Convert 24c7 (base 15) to base 7.
31564
100644 (base 7) to base 14
635b
Convert 78b (base 14) to base 8.
2727
What is 3f1 (base 16) in base 2?
1111110001
What is -103211 (base 4) in base 14?
-657
2040 (base 5) to base 16
10e
441656 (base 7) to base 4
102323012
106003 (base 8) to base 12
188ab
Convert b62 (base 12) to base 11.
1278
What is 22311 (base 5) in base 12?
ab9
105335 (base 6) to base 5
241422
-1220200 (base 4) to base 6
-50544
Convert 13030 (base 4) to base 6.
2044
What is -22073 (base 11) in base 16?
-7d18
What is -551450 (base 6) in base 10?
-45750
Convert 1d94 (base 14) to base 10.
5422
What is 4c0 (base 15) in base 10?
1080
Convert -1033310 (base 5) to base 8.
-43043
Convert 250366 (base 7) to base 2.
1011001011110110
-10b (base 13) to base 9
-220
What is 345442 (base 6) in base 14?
abbc
Convert -207 (base 13) to base 12.
-249
-2011041 (base 5) to base 9
-47828
-8b68 (base 14) to base 12
-12008
What is 116 (base 8) in base 2?
1001110
Convert -7a7 (base 15) to base 11.
-1335
-3330 (base 4) to base 8
-374
Convert -535 (base 12) to base 11.
-632
1430 (base 8) to base 7
2211
What is -132462 (base 7) in base 3?
-1021012120
-12045 (base 11) to base 6
-212200
10010110010100 (base 2) to base 5
301440
What is 1312 (base 7) in base 12?
357
-2606 (base 8) to base 16
-586
What is -1022020010 (base 3) in base 15?
-7920
Convert 1000101011110 (base 2) to base 15.
14b6
-10100001101101 (base 2) to base 8
-24155
Convert 10a5 (base 14) to base 11.
2197
What is 7ab9 (base 13) in base 3?
212121211
12421 (base 6) to base 8
3535
What is 90d2 (base 14) in base 5?
1244010
What is 9116 (base 11) in base 10?
12117
14b1 (base 12) to base 2
100110000101
What is -1001111000101 (base 2) in base 4?
-1033011
What is -20122 (base 4) in base 5?
-4123
What is 1331444 (base 5) in base 6?
325324
Convert -15755 (base 10) to base 5.
-1001010
What is 1641 (base 11) in base 2?
100000110110
11110101000 (base 2) to base 13
b7a
-10113 (base 5) to base 4
-22102
What is 13620 (base 7) in base 8?
7232
What is a56 (base 13) in base 15?
7c6
What is -b (base 14) in base 7?
-14
Convert -1c601 (base 13) to base 3.
-2211201212
Convert cc6f (base 16) to base 15.
10790
Convert -11100100001 (base 2) to base 14.
-945
-1744 (base 16) to base 4
-1131010
536 (base 14) to base 10
1028
What is c90 (base 14) in base 13?
1188
-225 (base 6) to base 4
-1121
What is 12a58 (base 13) in base 5?
2102333
1002120 (base 3) to base 9
1076
138 (base 15) to base 2
100010110
-2151 (base 6) to base 4
-13303
-14324 (base 5) to base 11
-a04
Convert -1303 (base 8) to base 9.
-865
Convert -37c (base 15) to base 5.
-11132
Convert 3a320 (base 11) to base 5.
3320433
-2b3 (base 15) to base 6
-2510
What is -6361 (base 8) in base 14?
-12c9
What is -2103 (base 7) in base 14?
-3aa
What is -3231 (base 8) in base 3?
-2022120
What is -850 (base 11) in base 16?
-3ff
Convert -242 (base 11) to base 3.
-101200
-420 (base 8) to base 9
-332
What is 2a3 (base 12) in base 2?
110011011
What is 121 (base 13) in base 12?
144
3a8 (base 15) to base 5
11313
What is -1301340 (base 5) in base 11?
-17a48
204114 (base 6) to base 12
963a
What is 7d5 (base 14) in base 7?
4355
What is dd9 (base 16) in base 5?
103140
-120 (base 14) to base 5
-1344
2811 (base 14) to base 9
10626
What is -725 (base 12) in base 9?
-1372
What is 3433 (base 8) in base 5?
24234
What is ab1 (base 16) in base 6?
20401
What is 100111011010111 (base 2) in base 6?
233235
32a5 (base 16) to base 2
11001010100101
Convert 74c6 (base 16) to base 15.
8cce
Convert 476 (base 9) to base 11.
328
13b7 (base 16) to base 13
23b3
-103 (base 16) to base 4
-10003
Convert -101000001111001 (base 2) to base 13.
-94b9
19c (base 14) to base 2
101001110
100011100 (base 2) to base 12
1b8
Convert -1a11 (base 11) to base 14.
-d05
Convert -3121032 (base 4) to base 11.
-a499
Convert -661 (base 7) to base 4.
-11101
-22020 (base 3) to base 6
-1010
Convert -100011001110 (base 2) to base 11.
-176a
What is 21717 (base 8) in base 7?
35504
59 (base 14) to base 6
211
Convert 2876 (base 11) to base 3.
12002112
-237c (base 14) to base 3
-22111010
What is 64003 (base 8) in base 5?
1323002
What is 2442443 (base 5) in base 8?
133037
What is 887 (base 16) in base 2?
100010000111
What is 3c80 (base 14) in base 6?
121304
565 (base 10) to base 8
1065
-289 (base 11) to base 16
-153
-3005 (base 11) to base 7
-14441
What is -1c78 (base 15) in base 5?
-144223
-112010 (base 3) to base 11
-317
Convert 639 (base 12) to base 16.
38d
3652 (base 11) to base 9
6486
What is -99 (base 16) in base 3?
-12200
-e628 (base 15) to base 5
-3024023
-3720 (base 8) to base 4
-133100
Convert b9b3 (base 14) to base 6.
404345
-1988 (base 14) to base 2
-1001000010100
What is -22a (base 11) in base 12?
-1aa
Convert 20230 (base 7) to base 3.
20202021
29c (base 15) to base 14
309
Convert -1303 (base 12) to base 16.
-873
-249 (base 11) to base 8
-447
1883 (base 9) to base 16
5ac
-5774 (base 13) to base 9
-17735
What is -30100 (base 5) in base 16?
-76c
What is 53738 (base 10) in base 16?
d1ea
Convert 210021201 (base 3) to base 7.
63145
Convert -4561 (base 8) to base 11.
-18a8
Convert -594b (base 13) to base 10.
-12569
Convert -563 (base 8) to base 4.
-11303
-2147 (base 8) to base 12
-79b
What is 155520 (base 6) in base 5?
444103
Convert 43 (base 9) to base 12.
33
-11562 (base 7) to base 16
-bd9
14410 (base 6) to base 13
1089
What is -551 (base 6) in base 13?
-133
-100000211 (base 3) to base 15
-1e3d
What is 4622 (base 15) in base 3?
202102012
What is -48b9 (base 15) in base 2?
-11110001110010
Convert 5156 (base 7) to base 14.
92d
What is -16c5 (base 14) in base 11?
-3091
15335 (base 8) to base 14
2713
2204 (base 6) to base 5
4013
What is -20011 (base 3) in base 10?
-166
Convert 1110210 (base 3) to base 10.
1074
Convert -61c6 (base 14) to base 16.
-41c2
What is 140 (base 13) in base 2?
11011101
What is 556 (base 10) in base 16?
22c
Convert 1000111000 (base 2) to base 3.
210001
What is -6a0 (base 15) in base 9?
-2046
What is 435 (base 12) in base 4?
21221
Convert -14321 (base 6) to base 11.
-1794
What is 1122202110 (base 3) in base 15?
9a03
65430 (base 7) to base 14
5d50
Convert 448 (base 13) to base 2.
1011100000
What is -12302122 (base 4) in base 3?
-1102010201
1552 (base 9) to base 12
825
What is 2227 (base 9) in base 15?
74a
2222301 (base 4) to base 11
8236
What is -381 (base 12) in base 11?
-441
236 (base 9) to base 16
c3
What is -222220121 (base 3) in base 15?
-5c2d
Convert 42d (base 16) to base 12.
751
Convert -1094 (base 11) to base 9.
-1863
-11010011 (base 2) to base 7
-421
Convert -101111101101011 (base 2) to base 3.
-1020111201
-43b (base 16) to base 5
-13313
Convert -3812 (base 10) to base 13.
-1973
What is 451034 (base 6) in base 12?
19a7a
-22131 (base 4) to base 12
-479
-12757 (base 9) to base 15
-285d
Convert -1243 (base 5) to base 3.
-21100
-111101110 (ba